Suppose 0*v = 2*v - 16. Suppose -v*k - 3 = 45. Let s(y) = y**2 + 5*y + 3. Give s(k).
9
Let a(t) = 2*t. Let s(u) = 2*u**2 + 2*u + 2. Let m be s(-2). Let h = m - 4. Suppose r - 3 = -h. What is a(r)?
2
Let f = -115 - -120. Suppose 6 = -f*r + 11*r. Let q(h) = -25*h - 1. What is q(r)?
-26
Suppose -11 = -4*r + 3*p, 2*r - 5*p + 2 = -3. Let s(f) = -f - 1. What is s(r)?
-6
Let h = -8 + 13. Suppose -p + h = -0. Let t(g) = -3*g**2 + 0*g**2 + 2 - 3*g - 1 + p*g**2. Calculate t(2).
3
Let c be -3 + (-7)/(-14)*2. Let t(u) = -26*u - 1. Let m be t(-1). Let l be m/5*2/c. Let x(i) = -i**2 - 4*i + 3. What is x(l)?
-2
Suppose -10*i = -44 - 26. Suppose 0 = -4*v + 2*j - 34, 4*j + i = 3. Let q(w) = -w - 3. What is q(v)?
6
Let n(x) = -3*x - 112. Let p(h) = -h - 19. Let s(o) = -n(o) + 6*p(o). Give s(1).
-5
Suppose 8*y = 4*y + 32. Suppose -4*d + y = 4*o, 14 = 3*d - 2*o - 7. Let n(p) = p**3 - 4*p**2 - 3*p - 2. What is n(d)?
8
Let g(f) = -4*f**2 - 6*f - 2. Let x be 30/35*(-14)/(-3). Let m(o) = 12 - x*o**2 - 15 - 3*o**2 - 12*o. Let c(b) = -5*g(b) + 3*m(b). Calculate c(-5).
6
Let b(g) = g + 4. Let v(t) = -4. Suppose 7*c + 18 = -3. Let j(h) = c*v(h) - 2*b(h). Give j(9).
-14
Let x = -1 + 2. Let s be x/((-12)/14 + 1). Let a(d) = -2 + 2*d**2 - 4*d**2 + 3*d**2 - 1 - 8*d + 2*d. Give a(s).
4
Let d(n) = n**3 + 6*n**2 + 7*n + 3. Let y(j) = j + 1. Let u be y(-1). Let t(c) = -4*c**2 - 2 + c**3 + 4*c - 2*c + u*c**2. Let k be t(3). Give d(k).
-7
Let s(p) = 93*p - 2 - 97*p + 3. Determine s(-2).
9
Suppose -x + 4 = 3. Let g = 1 + x. Let u(l) = -3 - l**2 + 2 - l**3 - 2*l + g*l - 3*l. Determine u(-2).
9
Let d(g) be the first derivative of -g**3/3 + 13*g**2/2 + 13*g - 71. What is d(15)?
-17
Let n(a) = 4*a + 7. Let h = -324 + 321. Give n(h).
-5
Let v = 16 + -21. Let h(o) = -o**3 - 8*o**2 - 4*o - 8. Let t(b) = 2*b**3 + 17*b**2 + 9*b + 16. Let d(l) = v*h(l) - 2*t(l). Calculate d(-6).
-4
Suppose -3*d + 17 = -4*j, -5*d + 2*j + 5 = -0. Let i(r) = 3*r**2 + 1. Let p(c) = 9*c**2 + 2. Let o(b) = -i(b) + p(b). What is o(d)?
7
Suppose 3*m + 11 = -4*d, d + 4 + 10 = -3*m. Let n = 9 - 5. Let b(y) = -y**3 + 2*y**3 - 6*y**3 + 2 + n*y**3 - 7*y - 7*y**2. Calculate b(m).
-13
Suppose 2*h = -91 + 95. Let w(p) be the third derivative of -4*p**h + 0 - 5/3*p**3 + 0*p + 1/24*p**4. Give w(0).
-10
Let a(k) = 1. Let p(d) = -d - 6. Let w(v) = v**3 - 15*v**2 - 18*v + 33. Let g be w(16). Let t(c) = g*p(c) + 5*a(c). Calculate t(5).
-6
Let u(t) be the second derivative of t**5/20 + 3*t**4/2 + 17*t**3/6 - 3*t**2 - t + 3. Give u(-17).
-6
Suppose -4*y + 18 - 2 = 0. Let w(m) = -1. Let v(t) = -5*t - 1. Let p = -32 - -37. Let z(n) = p*w(n) - v(n). Determine z(y).
16
Let l(s) be the third derivative of -s**4/24 + 2*s**3/3 + 2*s**2 - 28*s. What is l(-3)?
7
Let t(o) = -o**2 - o - 2. Let d(x) = x**2 - 4. Let y be d(4). Suppose 3*h = -2*h + 5*g + 105, 0 = 4*h - 2*g - 82. Suppose -2*k + y = h. Calculate t(k).
-14
Let n(v) = -v**3 + 2*v**2 + 2*v - 2. Let w be 3 - 1 - 4 - -7. Let l = -6 + w. Let j(y) = y**2 - y. Let t(p) = l*n(p) - j(p). What is t(3)?
-1
Let u(c) = 6*c + 3. Suppose -5*n = -4*t + 404, 2*t - 199 = 5*n + 203. Let f be 150/n - 1/8. Determine u(f).
-9
Let d(k) be the third derivative of -k**8/20160 + k**7/5040 + k**6/180 + k**5/10 - 13*k**2. Let t(z) be the third derivative of d(z). Give t(3).
-2
Suppose -3*b = -2*a - 8, 3*b + 3*a - 2 = 4*b. Let x(i) = -i**2 + 3*i - 9. Determine x(b).
-13
Let c(t) = -7*t - 1. Let g(i) = -6*i - 2. Let r(l) = -3*c(l) + 4*g(l). Let q(m) = 2*m + 5. Let v(f) = -5*q(f) - 4*r(f). What is v(6)?
7
Let m(n) = -11*n + 16*n - 14 + n**2 + 3. Let f be m(-7). Let l(i) = -i**2 - 9*i**3 + 0*i**2 + 16*i**3 + 4 + i - f. Give l(-1).
-8
Suppose m + 4*m - 30 = 0. Let u(f) = 2 + f - 1 - 3 + m. Suppose -4 = x + 2. Give u(x).
-2
Let u be (-2)/(-7) + (-74)/14. Let k(j) be the second derivative of -j**5/20 - j**4/2 - j**3 + j**2 + 210*j + 3. Determine k(u).
7
Let h(z) = -4*z + 6. Let r(q) = 45*q + 1. Let x be r(1). Let w be 3 - (9 - 9/((-27)/(-12))). Let u be x/10 + w/(-5). Give h(u).
-14
Let y = -681 + 684. Let x(m) = -4*m + 8. What is x(y)?
-4
Let a(l) = -3*l - 1. Let z be (2 - (-1)/1)/3. Let s(j) = 5*j - 7. Let k be s(z). What is a(k)?
5
Let s(n) = n**2 - 4*n - 4. Suppose -4*r = -13*r - 1620. Let o be (-924)/r + 4/(-30). Determine s(o).
1
Let m(y) = y**2 + 2*y - 5. Let r be m(-4). Let t(w) = -2*w + r*w - 3*w. What is t(-6)?
12
Let l(u) = -2*u**2 + 519*u**3 - 526*u**3 - 5 + 3. Let x(q) = 7*q**3 + 2*q**2 + 1. Let s(t) = 2*l(t) + 3*x(t). Let y be 33/(-22) - 2/(-4). Calculate s(y).
-6
Suppose -2*x + 4 = -4. Let j(o) = x*o**2 - 3*o**2 - 4*o**2 + 6 - 3 + 3*o. Calculate j(3).
-15
Suppose x = 2*r - 21, 0 = 2*r - 3*x - 4 - 11. Suppose z - 2*d = -5*d - 19, 3*d + r = 0. Let p(b) = -b**3 - 7*b**2 + 2*b - 3. Give p(z).
-17
Let f(s) = -s**2 + 11*s + 3. Let u(v) = v + 5. Let b be u(6). Let y be f(b). Let i(d) = -10 - d + 4 + 3*d - y*d. Calculate i(-6).
0
Let o(v) = -6*v**2 - 9*v + 3. Let x(g) = g**2 + g - 1. Let r(n) = o(n) + 5*x(n). Let t(s) = -s**3 - 4*s**2 + s. Let j be t(-4). Give r(j).
-2
Suppose -5*c + 10 + 10 = 0. Suppose -4*b + c = -8. Let o(x) = 13 - 15 - x**2 + 5. Give o(b).
-6
Suppose -v + 4*t = v + 18, -3*t + 31 = -5*v. Let n be (v/(-6))/(15/90). Suppose -n = 15*j - 16*j. Let z(o) = -o**2 + 6*o - 6. Give z(j).
-1
Let i = 52 + -39. Let q(b) = 4*b**2 - i - 2 + b + 8 + 5 + 3*b**3. Determine q(-2).
-12
Let r(t) = 913*t**3 - 910*t**3 - 6 + 8 - 8 - t**2 - 2*t. Calculate r(3).
60
Let r(q) = q**2 - 3*q - 4. Let z(l) = -l**3 - 3*l**2 - 2*l - 3. Let x be z(-3). Suppose -4*s + 20 = p, -2*s = -x*p - 2*p + 12. Give r(p).
0
Suppose -749*m + 741*m - 24 = 0. Let f(h) = h**3 + 4*h**2 - 2*h - 5. Give f(m).
10
Let d be 4/(-4) + -4 - 2. Let i(p) = 7*p + 39 - 85 + 36 + p**2. Calculate i(d).
-10
Let g(p) = p. Let i = -160 + 157. Let d be (1/2)/(i/(-24)). Give g(d).
4
Let f(k) = 4*k - 5. Let c(w) = w**2 + 34*w - 233. Let p be c(6). Determine f(p).
23
Let v(p) be the second derivative of -p**7/2520 - p**6/60 - 7*p**5/60 + 3*p**4 + 45*p. Let s(m) be the third derivative of v(m). Determine s(-11).
-3
Let l(p) = p + 12. Let d(z) = 2*z + 23. Let b(w) = 4*d(w) - 7*l(w). Suppose 3*t - k - 459 = 7*t, -123 = t + 3*k. Let j = 114 + t. What is b(j)?
8
Let f(s) = -49 - s + 20 + 5*s - 3*s + 27. Let k(x) = x**2 - 6*x - 4. Let o be k(6). Let u be (-2)/o*(2 + 10). What is f(u)?
4
Suppose 0 = -43*s + 50*s - 49. Let j(d) = 4*d**2 - 7*d - 3. Let x(c) = -7*c**2 + 14*c + 7. Let h(i) = 5*j(i) + 3*x(i). Determine h(s).
6
Let q(r) = -r**2 + r + 1. Suppose -2442 = 3*z - 2445. Give q(z).
1
Let q(s) = 4*s - 7*s + 0*s - 5 + 9. Determine q(-3).
13
Let g(w) = -w**3 - 9*w**2 - 12*w + 13. Let n be g(-7). Let b(s) = -4*s**2 + s. Give b(n).
-5
Let c(v) = -3*v**2 + 4*v + 3. Let p(o) = o**2. Suppose 5*s - 4*y + 1 = -6*y, -6 = 3*s + 3*y. Let m(f) = s*c(f) + 5*p(f). Determine m(-3).
9
Let s(j) = 0*j + 2 - j - 2*j - j**2. Let g(t) = 7*t**2 + 23*t - 27. Let n(h) = -h**2. Let a(q) = g(q) + 6*n(q). Let x be a(-24). What is s(x)?
2
Let q = 38 - 33. Suppose -5*t = 5*g + 5, q*t - 18 - 19 = 2*g. Let v(j) = 0*j**2 - j**2 - 5*j + 0*j**2. Determine v(g).
-6
Let m(d) = 2*d**3 + 11*d**2 + 3*d. Let h(w) = -w**3 + 19*w**2 + 42*w - 5. Let c be h(21). Give m(c).
10
Let m(i) = -i**3 - 3*i**2 + 5*i + 3. Suppose 24*v = 18*v - 24. Calculate m(v).
-1
Let v(f) = f**3 - 5*f**2 + 3*f + 6. Let y be -3 - (-48)/28 - (-4)/14. Let b(p) = -p**3 + p**2 - 1. Let j(g) = y*v(g) - 2*b(g). What is j(-3)?
5
Let z(d) = d + 10. Let s be (4/(-14) - (-884)/(-91)) + 4. What is z(s)?
4
Let c(b) = 2*b**3 - b**2 - 3*b - 2. Suppose -29*a + 32*a = -5*l - 2, 1 = a. Determine c(l).
-2
Suppose -14*a = 25*a + 195. Let r(n) = -4*n. Determine r(a).
20
Let j(y) be the first derivative of -3*y**2 + 5*y - 51. Let t(b) = -b**2 - 5*b - 4. Let i be t(-6). Let w be (1 + 0)/(i/(-40)). Give j(w).
-19
Let u(x) be the first derivative of -x**3/3 + x**2/2 + 3*x - 32. Give u(3).
-3
Let g(j) = 4*j - 15*j + 125 + 2*j**2 - 116. Calculate g(5).
4
Let d(a) = -a - 1. Suppose 94*k - 9 = 95*k. Determine d(k).
8
Let x(a) = 15*a**2 + 13*a - 21. Suppose 3*p + 7 = 46. Let k(b) = 7 - 1 - 7*b**2 - 6*b + 4. Let v(f) = p*k(f) + 6*x(f). Calculate v(0).
4
Let t(j) = 2*j**3 + 8*j**2 + 3*j + 1. Let x(n) = -n**3 - 4*n**2 - n. Let h(a) = 3*t(a) + 5*x(a). Give h(-5